w.
2, 19
Let d be (-6)/(-12) + 2/(8/118). Suppose 2*j - 7*j + h = -d, 0 = -3*j + h + 16. Suppose 13*f - j*f - 672 = 0. List the prime factors of f.
2, 7
List the prime factors of 1 + 1592 - (6552/24)/39.
2, 13, 61
Suppose 1100*r = 954*r + 6804622. What are the prime factors of r?
11, 19, 223
Let q(v) = -13*v + 31. Let k(m) = -25*m + 57. Let l(c) = 4*k(c) - 7*q(c). Suppose 2 = -5*x - 38. List the prime factors of l(x).
83
Let k(s) = -6*s**2 + 3*s + 8 + 5*s**2 - 3 - 855*s**3 - s**2 + 276*s**3. What are the prime factors of k(-1)?
3, 193
Let d be (-2 - 4)*(-5)/30. List the prime factors of (15/(-45))/(d/(-1197)).
3, 7, 19
Suppose -18 + 11 = -7*u. What are the prime factors of (-6)/(u - 7) - -120?
11
List the prime factors of (-348)/116 + 68*501/2.
3, 7, 811
Let u be 15*((-2)/7 - (-104)/168). Suppose -26 = 4*l - 4*b - 10, -2*b = u*l + 27. What are the prime factors of -178*(l/(-2) + -3)?
89
Suppose -2*y + o = -o - 88, 49 = y + 4*o. Let h = 47 - y. Suppose -h*l - 37 = -2*p + 3*l, 2*l - 136 = -5*p. List the prime factors of p.
2, 13
Let v(f) = -5*f**2 + 7*f - 186. Let h be -1 + (-9)/(3/(-1)) - 6. Let k(g) = -3*g**2 + 4*g - 93. Let p(x) = h*v(x) + 7*k(x). What are the prime factors of p(0)?
3, 31
Let j(u) = 2*u**2 - 48*u + 17. Let x(h) = -h**2 - 11*h - 7. Let z be x(-6). Suppose z = 3*s - 61. What are the prime factors of j(s)?
241
Let a(b) be the third derivative of b**5/60 + b**4/6 + 17*b**3/3 - 2*b**2 - 28*b. List the prime factors of a(-13).
151
Let u(p) = 96 + 282 - 25 + 3*p. What are the prime factors of u(0)?
353
Let l(m) = m**3 - 44*m**2 + 36*m - 11. Let n be l(44). Suppose 1899 = 14*h - n. List the prime factors of h.
2, 31
Let t be (-3)/((-5)/5) + (-2 - -2). Let h be -2 + (6/t)/(-1). List the prime factors of h/(-38) + (-3817)/(-19).
3, 67
Suppose 3*x - 37 = 4349. Suppose -3*p + 4561 - x = -4*u, -4*p + 4132 = 3*u. What are the prime factors of p?
1033
Suppose y - 4*g = 6, -2*y - 3 = -6*g + 3*g. What are the prime factors of 8 + -3 - 42/y?
2, 3
Suppose -3*y + 5*x = -31660, 5 = -4*x + 21. Suppose 0 = -45*q + 23*q + y. List the prime factors of q.
2, 3, 5
Let x be 0 + -3*4/(-6). Suppose 5*z - 433*j - 23 = -435*j, 0 = 5*z - j - 11. Suppose 0 = -5*y + 20, -o + 126 = -x*y - z. List the prime factors of o.
137
Let n = 8452 + 2736. List the prime factors of n.
2, 2797
Suppose 3*h + 2*j = 25819, -2*h - 7*j = -9*j - 17226. List the prime factors of h.
8609
Suppose -14 = 2*n + 4*p, -5*n - p + 0 = -1. Suppose -3*c = -5*l + 1388, -n = -3*l + 2*c + 831. What are the prime factors of l?
2, 5, 7
Suppose -141*t = -140*t - 136. Suppose -n - 130 = -2*x, n + t = 2*x - 3*n. List the prime factors of x.
2
Let r(i) = 6*i**2 + 24*i + 33. Let j(v) = 5*v**2 + 25*v + 32. Let b(a) = 7*j(a) - 6*r(a). List the prime factors of b(11).
2, 3, 41
Let c(k) = -7*k - 3. Let z be c(-15). Suppose -2*a + o = -z, o - 2*o + 241 = 5*a. Suppose 3*p + a = 703. List the prime factors of p.
2, 109
Let f be 3/((-9)/2)*-6. Suppose 74*g + 8149 = 231. What are the prime factors of (-5)/(-20) - (g/f - -2)?
5
Let w = 16624 - -2942. List the prime factors of w.
2, 3, 1087
Let o = 93976 + -60559. List the prime factors of o.
3, 47, 79
Let n(g) = -6*g - 2. Let x be n(-2). Suppose -3*q = -100 - 2165. Suppose x*t - q = 155. What are the prime factors of t?
7, 13
Suppose 0*i - 232 = -8*i. Suppose -6*y + i = -7. Let x = 70 + y. List the prime factors of x.
2, 19
What are the prime factors of 22/(792/1203570)*12/10?
3, 43, 311
Suppose 69 - 39 = 10*o. Suppose -j - 6845 = -5*h, 0 = -o*h + j - 0*j + 4109. What are the prime factors of h?
2, 3, 19
Let f(r) = 6*r**2 - 481*r + 40. List the prime factors of f(83).
1451
Let c(z) = 4*z - 4. Let h be c(-2). Let q be (h/54)/(3/(-27)). Suppose 0 = -5*g + 10, 20 = i - q*g - 34. List the prime factors of i.
2, 29
Suppose -110*h + 861558 = -1942. List the prime factors of h.
2, 5, 157
Suppose -269430 - 127096 = -38*f + 98994. List the prime factors of f.
2, 5, 163
Let u = 64461 - 40031. What are the prime factors of u?
2, 5, 7, 349
List the prime factors of (9 + -6)/((-21)/17906*(-1 - 0)).
2, 1279
Let f(o) = 6*o. Let j be f(-2). Let z be (-2)/(j/(-4) - 11/4). List the prime factors of z/(-12) + 1 + 56/6.
11
Suppose -3*v + 2*v + 2*a = -10, 3*v = -3*a + 30. Let j(k) = k**3 - 9*k**2 - 10*k + 2. Let b be j(v). Suppose 0*r - 58 = -b*r. What are the prime factors of r?
29
Suppose 0 = 4*i - a - 3359, 0*a - 2533 = -3*i - 2*a. Suppose -6*h - 151 = -i. What are the prime factors of h?
5, 23
Let q(j) = -4*j**3 + 15*j**2 + 16*j + 4. Let g(z) = -z**3 + z**2 + z. Suppose 10 - 70 = -12*h. Let t(a) = h*g(a) - q(a). What are the prime factors of t(-9)?
2, 7
Suppose 0 = 4*s + 2*q - 135 - 87, s + q - 58 = 0. Suppose 67739 = s*u + 2231. List the prime factors of u.
2, 3, 103
Let g(h) = -2*h**2 + 20*h + 4. Let l be g(10). Suppose l*p - 19 = -15. What are the prime factors of (-604)/(-8) + -3 + p/(-2)?
2, 3
Let n(f) = 3*f**2 + 13*f - 14. Let m be n(-12). Let r be (m - 12/(-4))*1. Suppose -4*g + r = -159. List the prime factors of g.
2, 53
Suppose -d - 4*d + 535 = 0. Let m = -107 + d. Suppose l + m*l = o + 92, -2*o = -8. What are the prime factors of l?
2, 3
Let b(g) = 5*g - 13. Let w be b(3). Suppose 14 = 2*z - w. Suppose z = -2*r + 176. What are the prime factors of r?
2, 3, 7
Let o(p) = 28*p**2 + 32*p - 1517. What are the prime factors of o(-45)?
223, 241
Suppose 4*y + 134 = 3*l, -4*l - 56 = -2*y + 4*y. Let z = y - -172. What are the prime factors of z?
2, 5, 7
Suppose l - 894 = -2*l - 2*i, -5*l = 2*i - 1490. Let y = l + -176. List the prime factors of y.
2, 61
Let p(b) = -422*b - 2342. List the prime factors of p(-6).
2, 5, 19
Let c be (-731)/(4 - (-3 - -6)). What are the prime factors of c/(-3) + 21/63?
2, 61
Let y(l) = -l + 19. Let i be y(6). Let z(o) = -o**3 + 13*o**2 + o - 19. Let t be z(i). Let k = 17 + t. List the prime factors of k.
11
Suppose -95 = 3*s + 2*s + 2*z, -4*s = 5*z + 93. Let t be (-153)/s + -1*1. Let w(d) = 2*d**2 - 3*d - 27. What are the prime factors of w(t)?
7, 11
What are the prime factors of (-12)/(-10) - (-190644)/30?
2, 7, 227
Suppose -3*g - 3*m + 220068 = 0, g + 29*m - 31*m - 73344 = 0. List the prime factors of g.
2, 53, 173
Suppose 4*c + 3*x = 7*x + 117960, -4*c + 117980 = x. List the prime factors of c.
2, 14747
Suppose -10*c + 563 = -1937. Suppose -5*k + c = -925. What are the prime factors of k?
5, 47
Let s = 31025 - 18454. What are the prime factors of s?
13, 967
Let j(a) = a**3 + 21*a**2 + 36*a + 65. Let z be j(-15). Suppose 0 = 871*y - z*y + 3172. List the prime factors of y.
13, 61
Let f(p) be the third derivative of 7*p**4/24 + 65*p**3/3 - 2*p**2 - 34*p. What are the prime factors of f(0)?
2, 5, 13
Let q(x) = 247*x**2 - 341*x + 24. What are the prime factors of q(16)?
2, 5, 17
Suppose -3*l + 4*q + 89 = 0, 5*l + 0*l - 4*q = 143. Suppose -b + l - 24 = 0. Suppose b*c - 3*z = 9, 3*z = 3*c + 7*z - 16. What are the prime factors of c?
2
Let i = 4772 - -25707. What are the prime factors of i?
29, 1051
Suppose 3*y - 8 = 2*y. Let j be 17 - (-144)/(-12) - 3*1/3. Suppose -20 = -y*d + 3*d, -j*i - 3*d = -108. What are the prime factors of i?
2, 3
Let m = 370 - -159. Let d = -178 + m. Suppose -4*h - 5*c = -687, c = 3*h - 5*h + d. List the prime factors of h.
2, 89
Let c = -2192 - -2196. What are the prime factors of c?
2
Let n = -55 + 57. Let h be (1*-3)/((-3)/n). Suppose -3*r = -h*r, -2*d - 5*r = -158. List the prime factors of d.
79
Let o = 547 - -281. Suppose 0 = 25*f - 22*f - o. What are the prime factors of f?
2, 3, 23
Let g(w) = 3*w**2 - 15*w - 42. Let f be g(-12). Let q = f - -86. What are the prime factors of q?
2, 41
Suppose 8788 = 44*h - 5116. What are the prime factors of h?
2, 79
Suppose -24 = -35*y + 29*y. Suppose 0*a - 108 = -5*j + y*a, j - 18 = -a. What are the prime factors of ((j/(-25))/(2/(-290)))/1?
2, 29
Let h be 41*6*24/(-16). Let a = -333 - h. What are the prime factors of a?
2, 3
Suppose -80 = -18*m + 2*m. Suppose 3*z = m*k - 6917, -5*k = 5*z - 10*z - 6915. What are the prime factors of k?
2, 173
Let n(f) = -f**2 - 6*f + 19. Let h be n(-8). List the prime factors of 64*(5 + (4 - h)).
2, 3
Let o = 12 - 47. Let h be (-1)/(-2) + o/14 + 5. Suppose -3*v - h*v = -408. List the prime factors of v.
2, 17
Suppose 49*t - 4 = 50*t. List the pri